{"id":507,"date":"2019-07-01T21:44:05","date_gmt":"2019-07-01T19:44:05","guid":{"rendered":"http:\/\/www.diefremden.at\/wordpress\/?page_id=507"},"modified":"2023-01-13T16:33:01","modified_gmt":"2023-01-13T15:33:01","slug":"die-gruppe","status":"publish","type":"page","link":"https:\/\/www.diefremden.at\/wordpress\/?page_id=507","title":{"rendered":"Geschichte"},"content":{"rendered":"\t\t<div data-elementor-type=\"wp-post\" data-elementor-id=\"507\" class=\"elementor elementor-507\" data-elementor-post-type=\"page\">\n\t\t\t\t\t\t<section class=\"elementor-section elementor-top-section elementor-element elementor-element-b898d82 elementor-section-boxed elementor-section-height-default elementor-section-height-default\" data-id=\"b898d82\" data-element_type=\"section\" data-e-type=\"section\">\n\t\t\t\t\t\t<div class=\"elementor-container elementor-column-gap-default\">\n\t\t\t\t\t<div class=\"elementor-column elementor-col-100 elementor-top-column elementor-element elementor-element-c374c48\" data-id=\"c374c48\" data-element_type=\"column\" data-e-type=\"column\">\n\t\t\t<div class=\"elementor-widget-wrap elementor-element-populated\">\n\t\t\t\t\t\t<section class=\"elementor-section elementor-inner-section elementor-element elementor-element-985feaf elementor-section-boxed elementor-section-height-default elementor-section-height-default\" data-id=\"985feaf\" data-element_type=\"section\" data-e-type=\"section\">\n\t\t\t\t\t\t<div class=\"elementor-container elementor-column-gap-default\">\n\t\t\t\t\t<div class=\"elementor-column elementor-col-50 elementor-inner-column elementor-element elementor-element-8b43133\" data-id=\"8b43133\" data-element_type=\"column\" data-e-type=\"column\">\n\t\t\t<div class=\"elementor-widget-wrap elementor-element-populated\">\n\t\t\t\t\t\t<div class=\"elementor-element elementor-element-45cbcb4 elementor-widget elementor-widget-heading\" data-id=\"45cbcb4\" data-element_type=\"widget\" data-e-type=\"widget\" data-widget_type=\"heading.default\">\n\t\t\t\t<div class=\"elementor-widget-container\">\n\t\t\t\t\t<h2 class=\"elementor-heading-title elementor-size-default\">Geschichte der Gruppe<\/h2>\t\t\t\t<\/div>\n\t\t\t\t<\/div>\n\t\t\t\t<div class=\"elementor-element elementor-element-7c88d0b elementor-arrows-position-inside elementor-pagination-position-outside elementor-widget elementor-widget-image-carousel\" data-id=\"7c88d0b\" data-element_type=\"widget\" data-e-type=\"widget\" data-settings=\"{&quot;slides_to_show&quot;:&quot;1&quot;,&quot;navigation&quot;:&quot;both&quot;,&quot;autoplay&quot;:&quot;yes&quot;,&quot;pause_on_hover&quot;:&quot;yes&quot;,&quot;pause_on_interaction&quot;:&quot;yes&quot;,&quot;autoplay_speed&quot;:5000,&quot;infinite&quot;:&quot;yes&quot;,&quot;effect&quot;:&quot;slide&quot;,&quot;speed&quot;:500}\" data-widget_type=\"image-carousel.default\">\n\t\t\t\t<div class=\"elementor-widget-container\">\n\t\t\t\t\t\t\t<div class=\"elementor-image-carousel-wrapper swiper\" role=\"region\" aria-roledescription=\"carousel\" aria-label=\"Bild Karussell\" dir=\"ltr\">\n\t\t\t<div class=\"elementor-image-carousel swiper-wrapper\" aria-live=\"off\">\n\t\t\t\t\t\t\t\t<div class=\"swiper-slide\" role=\"group\" aria-roledescription=\"slide\" aria-label=\"1 von 3\"><figure class=\"swiper-slide-inner\"><img decoding=\"async\" class=\"swiper-slide-image\" src=\"https:\/\/www.diefremden.at\/wordpress\/wp-content\/uploads\/2019\/12\/037-768x512.jpg\" alt=\"Scherbenberge\" \/><\/figure><\/div><div class=\"swiper-slide\" role=\"group\" aria-roledescription=\"slide\" aria-label=\"2 von 3\"><figure class=\"swiper-slide-inner\"><img decoding=\"async\" class=\"swiper-slide-image\" src=\"https:\/\/www.diefremden.at\/wordpress\/wp-content\/uploads\/2019\/07\/Ludesch-2019-139-von-154-768x513.jpg\" alt=\"Scherbenberge\" \/><\/figure><\/div><div class=\"swiper-slide\" role=\"group\" aria-roledescription=\"slide\" aria-label=\"3 von 3\"><figure class=\"swiper-slide-inner\"><img decoding=\"async\" class=\"swiper-slide-image\" src=\"https:\/\/www.diefremden.at\/wordpress\/wp-content\/uploads\/2023\/01\/Ziba_Goeppingen_Paulephoto-13-e1673773175889.jpeg\" alt=\"Eine Tasche mit Ziba - paulephoto\" \/><\/figure><\/div>\t\t\t<\/div>\n\t\t\t\t\t\t\t\t\t\t\t\t<div class=\"elementor-swiper-button elementor-swiper-button-prev\" role=\"button\" tabindex=\"0\">\n\t\t\t\t\t\t<i aria-hidden=\"true\" class=\"eicon-chevron-left\"><\/i>\t\t\t\t\t<\/div>\n\t\t\t\t\t<div class=\"elementor-swiper-button elementor-swiper-button-next\" role=\"button\" tabindex=\"0\">\n\t\t\t\t\t\t<i aria-hidden=\"true\" class=\"eicon-chevron-right\"><\/i>\t\t\t\t\t<\/div>\n\t\t\t\t\n\t\t\t\t\t\t\t\t\t<div class=\"swiper-pagination\"><\/div>\n\t\t\t\t\t\t\t\t\t<\/div>\n\t\t\t\t\t\t<\/div>\n\t\t\t\t<\/div>\n\t\t\t\t<div class=\"elementor-element elementor-element-b4edd04 elementor-widget elementor-widget-text-editor\" data-id=\"b4edd04\" data-element_type=\"widget\" data-e-type=\"widget\" data-widget_type=\"text-editor.default\">\n\t\t\t\t<div class=\"elementor-widget-container\">\n\t\t\t\t\t\t\t\t\t<table><tbody><tr><td><p>Die multikulturelle Theatergruppe \u00bbdie Fremden\u00ab wurde 1992 von der Wiener Theaterp\u00e4dagogin und Regisseurin Dagmar Ransmayr\u00a0gegr\u00fcndet.<\/p><p>Ziel war es zun\u00e4chst, Menschen, die in \u00d6sterreich ihre neue Heimat hatten, durch das Spiel eine erweiterte Form des Austausches und der Kommunikation zu geben.<\/p><p>Themen, die die SpielerInnen der Gruppe bewegten, wurden einander vorgespielt, diskutiert und schlie\u00dflich auf die B\u00fchne gebracht.<br \/>1993 entstand das erste abendf\u00fcllende St\u00fcck mit dem Titel \u00bbDie Fremden\u00ab. Nach diesem hat sich die Gruppe im Anschluss benannt.<\/p><p>\u00bbDie Fremden\u00ab entwickelten sich zu einem Pool von theaterschaffenden LaienspielerInnen mit migrantischem Hintergrund, denen die freie Theaterszene in Wien selten offen steht oder in der sich LaienspielerInnen mit geringen Deutschkenntnissen nicht wohl f\u00fchlen. In der Gruppe orientieren sich die DarstellerInnen nicht an einem auswendig gelernten Text, sondern agieren aus der Spontanit\u00e4t des F\u00fchlens und Handelns. Darstellung und Improvisation sind allen SpielerInnen vertraute Komponenten: Bewegung, Tanz und Pantomime als internationale Sprachen.<\/p><p>Alle St\u00fccke und Figuren werden in Gruppen- und Improvisationsarbeit entwickelt. Die Individualit\u00e4t und Besonderheit des Einzelnen bleibt im Ensemble erhalten, braucht sich nicht dem Produkt unterzuordnen, sondern im Gegenteil\u2013 bestimmt genau dieses.<br \/>Der Weg von der ersten Idee (meist begr\u00fcndet in pers\u00f6nlichen Erfahrungen und aktuellen politischen Situationen) hin zum fertigen St\u00fcck, das (in der kulturellen Vielfalt) Sich- Einigen auf einen immer neuen, ver\u00e4nderten Plot, Verlauf und eine neue Technik und Zugangsweise, ist ein sehr (zeit)intensiver Weg. Behutsam, Szene f\u00fcr Szene, Figur f\u00fcr Figur sch\u00e4lt sich ein St\u00fcck aus der F\u00fclle. Der Entwicklung, der Improvisation, dem Gespr\u00e4ch wird sehr viel Zeit geschenkt.<\/p><p>\u00bbDie Fremden\u00ab verstehen sich als politische Laientheatergruppe (die in ihrer Probenarbeit nach den Methoden des Theater der Unterdr\u00fcckten arbeitet). Soziale Miss-St\u00e4nde werden aufgegriffen und (in teilweise verfremdeter Form) auf der B\u00fchne umgesetzt. \u00bbDie Fremden\u00ab wollen mit ihren St\u00fccken ihrem Publikum die Welt als ver\u00e4nderbar \u00bbbe-greifbar\u00ab machen. Unterdr\u00fcckung und Unterdr\u00fcckt-Werden sollen zum einen als zentrale Themen betrachtet aber auch hinterfragt werden.<\/p><p>Seit 1992 haben rund 70 Personen aus 39 L\u00e4ndern in der Gruppe mitgewirkt, haben mitgestaltet, improvisiert.<\/p><p>Ein Puzzle verschiedener Theaterkulturen im Rahmen einer mitteleurop\u00e4ischer Theatertradition und -landschaft. Eine Melange aus Sprachen, Akzenten, Erlebnissen, kulturellen Wurzeln und Tendenzen. Das implizite Thema Fremdheit ist wie der Name als roter Faden geblieben.<\/p><\/td><\/tr><\/tbody><\/table>\t\t\t\t\t\t\t\t<\/div>\n\t\t\t\t<\/div>\n\t\t\t\t\t<\/div>\n\t\t<\/div>\n\t\t\t\t<div class=\"elementor-column elementor-col-50 elementor-inner-column elementor-element elementor-element-5b84fad\" data-id=\"5b84fad\" data-element_type=\"column\" data-e-type=\"column\">\n\t\t\t<div class=\"elementor-widget-wrap elementor-element-populated\">\n\t\t\t\t\t\t<div class=\"elementor-element elementor-element-f23db1a elementor-widget elementor-widget-heading\" data-id=\"f23db1a\" data-element_type=\"widget\" data-e-type=\"widget\" data-widget_type=\"heading.default\">\n\t\t\t\t<div class=\"elementor-widget-container\">\n\t\t\t\t\t<h2 class=\"elementor-heading-title elementor-size-default\">Preise und Nominierungen<\/h2>\t\t\t\t<\/div>\n\t\t\t\t<\/div>\n\t\t\t\t<div class=\"elementor-element elementor-element-fc4ac3f elementor-widget elementor-widget-text-editor\" data-id=\"fc4ac3f\" data-element_type=\"widget\" data-e-type=\"widget\" data-widget_type=\"text-editor.default\">\n\t\t\t\t<div class=\"elementor-widget-container\">\n\t\t\t\t\t\t\t\t\t<p>2017\u00a0<a style=\"font-size: 14px;\" href=\"https:\/\/erwachsenenbildung.at\/aktuell\/nachrichten_details.php?nid=12021\" target=\"_blank\" rel=\"noopener\">\u00d6sterreichischer Staatspreis f\u00fcr Erwachsenenbildung 2017<\/a>\u00a0f\u00fcr Dagmar Ransmayr<\/p>\t\t\t\t\t\t\t\t<\/div>\n\t\t\t\t<\/div>\n\t\t\t\t<div class=\"elementor-element elementor-element-3539083 elementor-widget elementor-widget-text-editor\" data-id=\"3539083\" data-element_type=\"widget\" data-e-type=\"widget\" data-widget_type=\"text-editor.default\">\n\t\t\t\t<div class=\"elementor-widget-container\">\n\t\t\t\t\t\t\t\t\t<p>2009 Die Fremden waren unter den 5 Nominierten f\u00fcr den Staatspreis f\u00fcr Erwachsenenbildung 2009, Kategorie Kreativit\u00e4t.<\/p>\t\t\t\t\t\t\t\t<\/div>\n\t\t\t\t<\/div>\n\t\t\t\t<div class=\"elementor-element elementor-element-62d3439 elementor-widget elementor-widget-text-editor\" data-id=\"62d3439\" data-element_type=\"widget\" data-e-type=\"widget\" data-widget_type=\"text-editor.default\">\n\t\t\t\t<div class=\"elementor-widget-container\">\n\t\t\t\t\t\t\t\t\t<p>2009 und 2012 Gewinner des Amateurtheaterpreises der Theatertage am See\/Friedrichshafen (D) mit &#8222;<a href=\"tonnenkind.htm\">Das Tonnenkind<\/a>&#8220; und &#8222;<a href=\"happy.htm\">Happy im Biss<\/a>&#8222;<\/p><p>2015 Preistr\u00e4ger des F\u00f6rderpreises der G\u00f6ppinger Theatertage (D) mit &#8222;<a href=\"paradeiser.htm\">Duft der Paradeiser<\/a>&#8222;<\/p>\t\t\t\t\t\t\t\t<\/div>\n\t\t\t\t<\/div>\n\t\t\t\t<div class=\"elementor-element elementor-element-d294d73 elementor-arrows-position-inside elementor-widget elementor-widget-image-carousel\" data-id=\"d294d73\" data-element_type=\"widget\" data-e-type=\"widget\" data-settings=\"{&quot;slides_to_show&quot;:&quot;1&quot;,&quot;navigation&quot;:&quot;arrows&quot;,&quot;autoplay&quot;:&quot;yes&quot;,&quot;pause_on_hover&quot;:&quot;yes&quot;,&quot;pause_on_interaction&quot;:&quot;yes&quot;,&quot;autoplay_speed&quot;:5000,&quot;infinite&quot;:&quot;yes&quot;,&quot;effect&quot;:&quot;slide&quot;,&quot;speed&quot;:500}\" data-widget_type=\"image-carousel.default\">\n\t\t\t\t<div class=\"elementor-widget-container\">\n\t\t\t\t\t\t\t<div class=\"elementor-image-carousel-wrapper swiper\" role=\"region\" aria-roledescription=\"carousel\" aria-label=\"Bild Karussell\" dir=\"ltr\">\n\t\t\t<div class=\"elementor-image-carousel swiper-wrapper\" aria-live=\"off\">\n\t\t\t\t\t\t\t\t<div class=\"swiper-slide\" role=\"group\" aria-roledescription=\"slide\" aria-label=\"1 von 6\"><figure class=\"swiper-slide-inner\"><img decoding=\"async\" class=\"swiper-slide-image\" src=\"https:\/\/www.diefremden.at\/wordpress\/wp-content\/uploads\/2020\/01\/2009_Urkunde_friedrichshafen.jpg\" alt=\"2009 Urkunde Theatertage am See - Friedrichshafen (D)\" \/><figcaption class=\"elementor-image-carousel-caption\">2009 Urkunde Theatertage am See - Friedrichshafen (D)<\/figcaption><\/figure><\/div><div class=\"swiper-slide\" role=\"group\" aria-roledescription=\"slide\" aria-label=\"2 von 6\"><figure class=\"swiper-slide-inner\"><img decoding=\"async\" class=\"swiper-slide-image\" src=\"https:\/\/www.diefremden.at\/wordpress\/wp-content\/uploads\/2020\/01\/2012_Urkunde_Theatertage.jpg\" alt=\"2012 Urkunde Theatertage am See - Friedrichshafen (D)\" \/><figcaption class=\"elementor-image-carousel-caption\">2012 Urkunde Theatertage am See - Friedrichshafen (D)<\/figcaption><\/figure><\/div><div class=\"swiper-slide\" role=\"group\" aria-roledescription=\"slide\" aria-label=\"3 von 6\"><figure class=\"swiper-slide-inner\"><img decoding=\"async\" class=\"swiper-slide-image\" src=\"https:\/\/www.diefremden.at\/wordpress\/wp-content\/uploads\/2020\/01\/2012_Gruppe_Friedrichshafen.jpg\" alt=\"2012 Die Gruppe in Friedrichshafen\" \/><figcaption class=\"elementor-image-carousel-caption\">2012 Die Gruppe in Friedrichshafen<\/figcaption><\/figure><\/div><div class=\"swiper-slide\" role=\"group\" aria-roledescription=\"slide\" aria-label=\"4 von 6\"><figure class=\"swiper-slide-inner\"><img decoding=\"async\" class=\"swiper-slide-image\" src=\"https:\/\/www.diefremden.at\/wordpress\/wp-content\/uploads\/2020\/01\/2009_nominierungStaatspreis2-768x607.jpg\" alt=\"2009 Nominierung Staatspreis Erwachsenenbildung\" \/><figcaption class=\"elementor-image-carousel-caption\">2009 Nominierung Staatspreis Erwachsenenbildung<\/figcaption><\/figure><\/div><div class=\"swiper-slide\" role=\"group\" aria-roledescription=\"slide\" aria-label=\"5 von 6\"><figure class=\"swiper-slide-inner\"><img decoding=\"async\" class=\"swiper-slide-image\" src=\"https:\/\/www.diefremden.at\/wordpress\/wp-content\/uploads\/2020\/01\/2009_nominierungStaatspreis1-768x512.jpg\" alt=\"2009 Nominierung Staatspreis Erwachsenenbildung\" \/><figcaption class=\"elementor-image-carousel-caption\">2009 Nominierung Staatspreis Erwachsenenbildung<\/figcaption><\/figure><\/div><div class=\"swiper-slide\" role=\"group\" aria-roledescription=\"slide\" aria-label=\"6 von 6\"><figure class=\"swiper-slide-inner\"><img decoding=\"async\" class=\"swiper-slide-image\" src=\"https:\/\/www.diefremden.at\/wordpress\/wp-content\/uploads\/2020\/01\/eb_2017_01-2.jpg\" alt=\"oznor\" \/><figcaption class=\"elementor-image-carousel-caption\">oznor<\/figcaption><\/figure><\/div>\t\t\t<\/div>\n\t\t\t\t\t\t\t\t\t\t\t\t<div class=\"elementor-swiper-button elementor-swiper-button-prev\" role=\"button\" tabindex=\"0\">\n\t\t\t\t\t\t<i aria-hidden=\"true\" class=\"eicon-chevron-left\"><\/i>\t\t\t\t\t<\/div>\n\t\t\t\t\t<div class=\"elementor-swiper-button elementor-swiper-button-next\" role=\"button\" tabindex=\"0\">\n\t\t\t\t\t\t<i aria-hidden=\"true\" class=\"eicon-chevron-right\"><\/i>\t\t\t\t\t<\/div>\n\t\t\t\t\n\t\t\t\t\t\t\t\t\t<\/div>\n\t\t\t\t\t\t<\/div>\n\t\t\t\t<\/div>\n\t\t\t\t<div class=\"elementor-element elementor-element-dcacba2 elementor-widget elementor-widget-heading\" data-id=\"dcacba2\" data-element_type=\"widget\" data-e-type=\"widget\" data-widget_type=\"heading.default\">\n\t\t\t\t<div class=\"elementor-widget-container\">\n\t\t\t\t\t<h2 class=\"elementor-heading-title elementor-size-default\">Publikationen<\/h2>\t\t\t\t<\/div>\n\t\t\t\t<\/div>\n\t\t\t\t<div class=\"elementor-element elementor-element-f4622a1 elementor-widget elementor-widget-text-editor\" data-id=\"f4622a1\" data-element_type=\"widget\" data-e-type=\"widget\" data-widget_type=\"text-editor.default\">\n\t\t\t\t<div class=\"elementor-widget-container\">\n\t\t\t\t\t\t\t\t\t<p>Dagmar Ransmayr:\u00a0Ein Park zum Platzen. Humor macht politische Realit\u00e4ten ertr\u00e4glich &#8211; 20 Jahre Theatergruppe &#8222;Die Fremden&#8220;,<br \/>in: Spiel &amp; B\u00fchne, 2\/2012, Seite 16-18 [<a href=\"pics\/Ein_Park_zum_Platzen_2012.pdf\">Artikel lesen&#8230;<\/a>]<\/p><p>Dagmar Ransmayr:\u00a0Ein Weg aus der Sprachlosigkeit. Innenansichten der Theatergruppe&#8220;Die Fremden&#8220;,<br \/>in: Schriften der Gesellschaft f\u00fcr Theater-Ethnologie, Band 2, &#8222;Theater. Begegnung. Integration?&#8220;,\u00a0<br \/>Frankfurt\/ Main (IKO-Verlag), 2003, 342 Seiten, EUR\u00a026,80\u00a0<br \/>[<a href=\"http:\/\/www.univie.ac.at\/theaterethnologie\/gte_publikationen.site.html\">weitere Informationen &#8230;<\/a>]<\/p>\t\t\t\t\t\t\t\t<\/div>\n\t\t\t\t<\/div>\n\t\t\t\t\t<\/div>\n\t\t<\/div>\n\t\t\t\t\t<\/div>\n\t\t<\/section>\n\t\t\t\t\t<\/div>\n\t\t<\/div>\n\t\t\t\t\t<\/div>\n\t\t<\/section>\n\t\t\t\t<\/div>\n\t\t","protected":false},"excerpt":{"rendered":"<p>Geschichte der Gruppe Zur\u00fcck Weiter Die multikulturelle Theatergruppe \u00bbdie Fremden\u00ab wurde 1992 von der Wiener Theaterp\u00e4dagogin und Regisseurin Dagmar Ransmayr\u00a0gegr\u00fcndet. Ziel war es zun\u00e4chst, Menschen, die in \u00d6sterreich ihre neue Heimat hatten, durch das Spiel eine erweiterte Form des Austausches und der Kommunikation zu geben. Themen, die die SpielerInnen der Gruppe bewegten, wurden einander vorgespielt, [&hellip;]<\/p>\n","protected":false},"author":1,"featured_media":0,"parent":0,"menu_order":0,"comment_status":"closed","ping_status":"closed","template":"","meta":{"ocean_post_layout":"","ocean_both_sidebars_style":"","ocean_both_sidebars_content_width":0,"ocean_both_sidebars_sidebars_width":0,"ocean_sidebar":"0","ocean_second_sidebar":"0","ocean_disable_margins":"enable","ocean_add_body_class":"","ocean_shortcode_before_top_bar":"","ocean_shortcode_after_top_bar":"","ocean_shortcode_before_header":"","ocean_shortcode_after_header":"","ocean_has_shortcode":"","ocean_shortcode_after_title":"","ocean_shortcode_before_footer_widgets":"","ocean_shortcode_after_footer_widgets":"","ocean_shortcode_before_footer_bottom":"","ocean_shortcode_after_footer_bottom":"","ocean_display_top_bar":"default","ocean_display_header":"default","ocean_header_style":"","ocean_center_header_left_menu":"0","ocean_custom_header_template":"0","ocean_custom_logo":0,"ocean_custom_retina_logo":0,"ocean_custom_logo_max_width":0,"ocean_custom_logo_tablet_max_width":0,"ocean_custom_logo_mobile_max_width":0,"ocean_custom_logo_max_height":0,"ocean_custom_logo_tablet_max_height":0,"ocean_custom_logo_mobile_max_height":0,"ocean_header_custom_menu":"0","ocean_menu_typo_font_family":"0","ocean_menu_typo_font_subset":"","ocean_menu_typo_font_size":0,"ocean_menu_typo_font_size_tablet":0,"ocean_menu_typo_font_size_mobile":0,"ocean_menu_typo_font_size_unit":"px","ocean_menu_typo_font_weight":"","ocean_menu_typo_font_weight_tablet":"","ocean_menu_typo_font_weight_mobile":"","ocean_menu_typo_transform":"","ocean_menu_typo_transform_tablet":"","ocean_menu_typo_transform_mobile":"","ocean_menu_typo_line_height":0,"ocean_menu_typo_line_height_tablet":0,"ocean_menu_typo_line_height_mobile":0,"ocean_menu_typo_line_height_unit":"","ocean_menu_typo_spacing":0,"ocean_menu_typo_spacing_tablet":0,"ocean_menu_typo_spacing_mobile":0,"ocean_menu_typo_spacing_unit":"","ocean_menu_link_color":"","ocean_menu_link_color_hover":"","ocean_menu_link_color_active":"","ocean_menu_link_background":"","ocean_menu_link_hover_background":"","ocean_menu_link_active_background":"","ocean_menu_social_links_bg":"","ocean_menu_social_hover_links_bg":"","ocean_menu_social_links_color":"","ocean_menu_social_hover_links_color":"","ocean_disable_title":"default","ocean_disable_heading":"default","ocean_post_title":"","ocean_post_subheading":"","ocean_post_title_style":"","ocean_post_title_background_color":"","ocean_post_title_background":0,"ocean_post_title_bg_image_position":"","ocean_post_title_bg_image_attachment":"","ocean_post_title_bg_image_repeat":"","ocean_post_title_bg_image_size":"","ocean_post_title_height":0,"ocean_post_title_bg_overlay":0.5,"ocean_post_title_bg_overlay_color":"","ocean_disable_breadcrumbs":"default","ocean_breadcrumbs_color":"","ocean_breadcrumbs_separator_color":"","ocean_breadcrumbs_links_color":"","ocean_breadcrumbs_links_hover_color":"","ocean_display_footer_widgets":"default","ocean_display_footer_bottom":"default","ocean_custom_footer_template":"0","footnotes":""},"class_list":["post-507","page","type-page","status-publish","hentry","entry"],"_links":{"self":[{"href":"https:\/\/www.diefremden.at\/wordpress\/index.php?rest_route=\/wp\/v2\/pages\/507","targetHints":{"allow":["GET"]}}],"collection":[{"href":"https:\/\/www.diefremden.at\/wordpress\/index.php?rest_route=\/wp\/v2\/pages"}],"about":[{"href":"https:\/\/www.diefremden.at\/wordpress\/index.php?rest_route=\/wp\/v2\/types\/page"}],"author":[{"embeddable":true,"href":"https:\/\/www.diefremden.at\/wordpress\/index.php?rest_route=\/wp\/v2\/users\/1"}],"replies":[{"embeddable":true,"href":"https:\/\/www.diefremden.at\/wordpress\/index.php?rest_route=%2Fwp%2Fv2%2Fcomments&post=507"}],"version-history":[{"count":23,"href":"https:\/\/www.diefremden.at\/wordpress\/index.php?rest_route=\/wp\/v2\/pages\/507\/revisions"}],"predecessor-version":[{"id":2440,"href":"https:\/\/www.diefremden.at\/wordpress\/index.php?rest_route=\/wp\/v2\/pages\/507\/revisions\/2440"}],"wp:attachment":[{"href":"https:\/\/www.diefremden.at\/wordpress\/index.php?rest_route=%2Fwp%2Fv2%2Fmedia&parent=507"}],"curies":[{"name":"wp","href":"https:\/\/api.w.org\/{rel}","templated":true}]}}